the units digit of q(n)?
5
Let o = 3332 - 1990. What is the tens digit of o?
4
Let d be (-4)/(-2)*(-3)/2. What is the units digit of 1416/9 - 2/d?
8
Let f = -407 + 135. What is the units digit of (3/6)/((-8)/f)?
7
Suppose 4*c - 6*a + 3*a - 22 = 0, -c = -2*a - 3. Suppose -348 = -19*i + c*i. What is the units digit of i?
9
Let z = 1 - 0. Suppose -2*s - z = -7. What is the units digit of (s/1)/(3/7)?
7
Suppose j - 6 - 130 = 0. What is the tens digit of j?
3
Let o(f) = 144*f + 142. What is the thousands digit of o(8)?
1
Let q(u) = u + 11. Let c be q(10). Let t be c/6*-2*-2. Let f = 7 + t. What is the units digit of f?
1
Let a = 4158 - 2395. What is the tens digit of a?
6
Let n(w) = w**2 - 10*w - 44. Let x(h) = -h**2 - 12*h + 34. Let c be x(-13). What is the hundreds digit of n(c)?
1
Suppose 5*n + 2*l + 10 = -35, -4 = 2*n - 2*l. What is the units digit of 2*11*n*6/(-84)?
1
Suppose -31 = w - 91. Suppose -f - q + w = -151, 0 = f + 4*q - 217. What is the tens digit of f?
0
Suppose 0 = -4*c + 69 - 29. Let g = 4 + c. What is the units digit of g?
4
What is the hundreds digit of ((-1)/(-1))/(35/3640)?
1
Suppose -3*b = -4*k - 119, 4*b = 7*b - k - 113. Suppose -115 = -3*m - b. What is the tens digit of m?
2
Let w(s) = 4*s**3 - 27*s**2 - 6*s - 1. What is the units digit of w(12)?
1
Let t = -45 + -21. Let k = 128 + t. What is the units digit of k?
2
Suppose 17948 = 4*f - 4*l, 0 = 37*f - 35*f + 4*l - 8962. What is the units digit of f?
5
Let m(k) = -k**3 + 9*k**2 + 6*k + 7. Let w be m(10). Let s be 60 - (1 + 1*-3). Let v = w + s. What is the tens digit of v?
2
Suppose 20 = -2*f + 7*f. Let u(t) = -4*t - f - 3 + 5 - 6. What is the tens digit of u(-7)?
2
Suppose -3965 = -3*n - 467. What is the tens digit of n?
6
Let a(u) = -2*u**2 - 4 + 3*u**2 + 0 + 1. Let w be a(3). Suppose w*r - 135 = r. What is the tens digit of r?
2
Let g(h) = -h**3 - 11*h**2 - 7*h + 69. What is the hundreds digit of g(-16)?
4
Suppose -4*l = k - 20, 4*l - 122 = -5*k - 22. Suppose 0 = 4*g + k + 12. What is the units digit of 12/g*136/(-12)?
7
Let m(d) = d**3 + 4*d**2 - 5*d + 3. Let n be m(-5). Let r = n + -4. Let l(z) = -19*z - 2. What is the tens digit of l(r)?
1
Let b = -528 + 884. Suppose -4*p + 128 = 2*o, -5*o + p = -p - b. What is the tens digit of o?
7
Let n(m) = -21*m + 2. Let a be n(-7). Suppose o = -4*i + a, 4*i = -0*o + 4*o + 164. Let f = i + -25. What is the tens digit of f?
1
Let b(u) = 29*u**2 - 14*u - 42. What is the units digit of b(-8)?
6
Let t(x) = 10*x**2 - 4*x - 17. What is the hundreds digit of t(-7)?
5
Let c be -7 + -44 - (1 + -4). Let n = 103 + c. Suppose -3*h + 6*h = -4*r + 83, -3*r + n = 2*h. What is the units digit of h?
9
Let p = 51 + -66. Let y = 106 + p. What is the tens digit of y?
9
Let j(c) = -47*c**3 - 2*c**2 + 1. Let u = 14 - 15. What is the tens digit of j(u)?
4
Let n(t) = -2*t - 6. Let q be n(-4). Suppose 470 = 5*u - 5*z, 3*u + 3*z = q*u + 98. What is the tens digit of u?
9
Suppose a = -4*n - 8, -4*n - 21 = -1. Suppose a*i = 15*i - 243. What is the tens digit of i?
8
Suppose 9*w = -3*g + 8*w + 1930, g - 642 = w. What is the tens digit of g?
4
Let p(k) = 5*k + k + k**2 - 3 - 6 + 2. Let j be p(-7). Suppose j*t - g - 3 = -t, g - 1 = 0. What is the units digit of t?
4
Let i = -157 + 44. Let w = i - -229. What is the hundreds digit of w?
1
Suppose 3*f - 2 = -c, -2*c = -3*c + 3*f - 4. Let g be (c - (-35)/15)*3. Suppose -g*n + 3*y = -19, 3*n - 7 = y + 6. What is the units digit of n?
4
Let h(l) be the second derivative of l**4/12 + 3*l**3/2 - 17*l**2 + 8*l. What is the units digit of h(-14)?
6
Suppose 5*l = 15 + 5. Suppose m - 4 = 3*n, 0*m + 5*m + l*n - 20 = 0. Let s(v) = 4*v**2 - 7*v + 9. What is the units digit of s(m)?
5
Let y = 70 + -26. Suppose -m - y = -166. What is the tens digit of m?
2
Let o = -449 - -1385. What is the units digit of o?
6
Let z be (14/(-5))/(2/(-470))*-1. What is the units digit of 10/(-4)*z/35?
7
Let a(q) = 182*q + 206. What is the thousands digit of a(13)?
2
Let x(k) = -3*k + 23. Let n(c) = c - 12. Let i(p) = -5*n(p) - 2*x(p). Let l be i(-14). Suppose -6*b = -l*b - 174. What is the tens digit of b?
2
Let i(l) = 0*l - 1 - l**2 - 6*l + 3*l**2. Suppose -5*m - 28 = -58. What is the tens digit of i(m)?
3
Let i(h) = -h**3 + h**2 - 7*h + 7. Let q(r) = r**3 + r - 1. Let t(b) = i(b) + 5*q(b). Let z = -45 - -47. What is the tens digit of t(z)?
3
Let h(y) = 13*y**2 - 1. Suppose -30*f = -19*f + 33. What is the units digit of h(f)?
6
Suppose 0 = -5*t + 2*g - 10, -2*g - 10 = -4*g. Suppose -11*f + 20*f - 2124 = t. What is the tens digit of f?
3
Let l(g) = -30*g**3 + 2*g**2 + 3*g + 2. Let p(r) = -59*r**3 + 4*r**2 + 7*r + 5. Let h(x) = 5*l(x) - 2*p(x). What is the units digit of h(-1)?
3
Let x(y) = -3*y**3 - 6*y**2 + 6*y. Let v(h) = 16*h**3 + 30*h**2 - 30*h. Let t(m) = 2*v(m) + 11*x(m). What is the units digit of t(-7)?
7
Let r(n) = -367*n. What is the tens digit of r(-1)?
6
Let t(r) = -3*r + 81. Let q be t(27). Suppose q = 4*g + 2*h - 148, 198 = 14*g - 9*g - 4*h. What is the tens digit of g?
3
Let h(n) = -n**3 - 3*n**2 + 5*n - 4. Let y be 4*(-2)/4 + (0 - 3). What is the tens digit of h(y)?
2
Suppose 2*h = -2*r + 291 + 765, -2640 = -5*r + 3*h. What is the units digit of r?
8
Suppose 6*j = 10095 + 8331. What is the units digit of j?
1
What is the hundreds digit of (-57)/8 + 7 + (-81445)/(-40)?
0
Let s be 1*-1 - (93 + -11). Let b = s + 181. What is the tens digit of b?
9
Let m(s) = -12*s + 20*s - 3 - 12*s + 41*s**2. What is the tens digit of m(-1)?
4
Let x(o) = o**3 + 8*o**2 - o + 9. Let i be x(-8). Suppose -i*g = -16*g. What is the tens digit of (15/10 + g)*8?
1
Suppose -4*t + 7264 = 5*f, -6*f + f + 7284 = -t. What is the units digit of f?
6
Let s(x) = -7*x + 2. Let v be s(-8). Suppose 2*r = 68 + 158. Suppose -3*t + r = -v. What is the units digit of t?
7
Let p be (-24)/6 - (-6)/(-2). Let r = p - -14. Suppose -q - y = y - 7, -3*q + y = -r. What is the units digit of q?
3
Suppose 3*z - 5*a = -41, 2*a - 6*a = z - 9. Let w(t) = t**2 + 6*t - 1. Let l be w(z). Suppose k = -k + l. What is the units digit of k?
3
Let w(d) = -d**2 - 10*d - 1. Let n be w(-10). What is the units digit of (0 - n) + -4 + 97 + -3?
1
Let h(z) = -z**3 - 2*z**2 - z - 6. Let m be h(3). Let a = -16 + 8. Let p = a - m. What is the tens digit of p?
4
Let v be ((-1)/6)/(16 + 4335/(-270)). Let c be (-89)/(-2) + 1/(-2). Suppose v*w = w + c. What is the tens digit of w?
2
What is the units digit of 3/2*(13 - -745)?
7
Suppose w = -4*o - 26, -5*o - 15 = -2*o. Let n(a) = -2*a - 11. Let j be n(w). What is the units digit of (-1 - -2)/(j/17)?
7
Let u be (-14)/6*6/2. Let d(x) = x**2 + 4*x - 9. Let g be d(u). Suppose 0 = 5*y + 2*c - 15, 4*y - 3*c + 2*c - g = 0. What is the units digit of y?
3
Let u(l) = -l + 4. Let b be u(-5). Let c be (-12)/(-28) + 236/(-28). What is the units digit of b + 8*4/c?
5
Let h be (-10)/(-4)*(-44)/(-55). Suppose -c - h*c = 0. Let w(f) = f**2 + f + 13. What is the tens digit of w(c)?
1
What is the hundreds digit of 174*(5 - (-125)/(-30))?
1
Suppose o - 7 + 0 = 0. Let a(c) = -7*c**2 + 10 - c + 0*c**3 + c**3 + 0*c**3. What is the units digit of a(o)?
3
Let m be ((-516)/3)/(-4) - -2. Suppose 4*j - 2*b = -2 - 4, 3*j + 3*b = 18. Suppose -j = 2*d - m. What is the units digit of d?
2
Let a be (-6)/33 + 124/(-44). Let w be (-21)/(a*(-3)/9). What is the tens digit of ((-6)/4)/(w/238)?
1
Let y(f) be the first derivative of 2*f**3/3 + 2*f**2 - 8. Let k be y(-5). What is the tens digit of (k/4 - -2)*2?
1
Let q = -89 - -111. Let b = q + 120. What is the units digit of b?
2
Let v = -838 - -1739. What is the units digit of v?
1
Let a = 4 + -12. Let l be (-6)/(-4)*a/1. What is the units digit of (-3 - l/8)*-6?
9
Let l = 627 - 285. What is the units digit of l?
2
Let r = 2642 + -1494. What is the units digit of r?
8
Suppose 0 = 2*p - 9 + 1. Suppose p*y - 2*x + 0 = 12, -3*x = 3*y + 9. Let f(k) = 3*k**3 - 2*k**2 + k. What is the units digit of f(y)?
2
Let j(t) = -532*t - 26. What is the thousands digit of j(-2)?
1
Let d be (-1 + 2)*-5 - -3. Let j be (-5)/d*(-64)/(-40). Suppose 26 = w - j*k + 6, 2*k + 64 = 2*w. What is the units digit of w?
6
Let h = 21 + -41. Let n be 5*(64/h)/(-4). Suppose -4 = -o, o - 8 = -n*m + 16. What is the units digit of m?
5
Let z(r) be the second derivative of r**